 divide 197280?
True
Does 291 divide 2738601?
True
Is 1337 a factor of 7215920?
False
Is 1721708 a multiple of 31?
False
Does 59 divide 19005611?
True
Does 780 divide 1348620?
True
Does 251 divide 43925?
True
Is 61 a factor of 47009?
False
Is 78988 a multiple of 26?
True
Does 220 divide 1700600?
True
Is 2667407 a multiple of 760?
False
Is 749918 a multiple of 23?
False
Does 1080 divide 2268511?
False
Is 878 a factor of 4342588?
True
Is 231 a factor of 4239312?
True
Is 7 a factor of 212096?
False
Is 89 a factor of 178265?
False
Is 360133 a multiple of 233?
False
Does 245 divide 5508335?
True
Is 583980 a multiple of 114?
False
Does 350 divide 182000?
True
Does 2 divide 639971?
False
Does 386 divide 637630?
False
Is 2354318 a multiple of 332?
False
Does 23 divide 84474?
False
Is 12 a factor of 452112?
True
Does 15 divide 14567715?
True
Is 9 a factor of 584452?
False
Does 9 divide 20543937?
False
Is 23 a factor of 296991?
False
Is 113 a factor of 9492?
True
Does 9 divide 20931?
False
Is 2355650 a multiple of 110?
True
Does 32 divide 319104?
True
Does 8 divide 213464?
True
Does 5 divide 213558?
False
Is 13888490 a multiple of 17?
True
Does 397 divide 6576335?
False
Is 10649994 a multiple of 618?
True
Does 17 divide 125766?
True
Is 6224390 a multiple of 20?
False
Does 1315 divide 7299565?
True
Does 745 divide 317363?
False
Is 120032 a multiple of 62?
True
Is 338 a factor of 1619696?
True
Is 16 a factor of 860710?
False
Is 47 a factor of 282775?
False
Is 137118 a multiple of 92?
False
Is 60129 a multiple of 1179?
True
Does 157 divide 187144?
True
Is 51 a factor of 4047758?
False
Is 30 a factor of 13195234?
False
Is 84 a factor of 81816?
True
Is 47 a factor of 40955?
False
Is 25 a factor of 444325?
True
Is 70745 a multiple of 172?
False
Is 210948 a multiple of 29?
False
Is 115218 a multiple of 37?
True
Does 426 divide 218538?
True
Is 2947332 a multiple of 948?
True
Is 1851416 a multiple of 56?
True
Is 9718020 a multiple of 45?
True
Is 178364 a multiple of 43?
True
Does 27 divide 762507?
True
Is 496 a factor of 1991268?
False
Is 468 a factor of 179233?
False
Is 13 a factor of 64480?
True
Does 190 divide 1402225?
False
Is 309 a factor of 328467?
True
Is 1339072 a multiple of 56?
True
Does 61 divide 301432?
False
Is 1107 a factor of 458165?
False
Is 702026 a multiple of 169?
True
Does 22 divide 190997?
False
Is 372 a factor of 136152?
True
Is 63 a factor of 774802?
False
Is 45 a factor of 606420?
True
Is 2400092 a multiple of 10?
False
Is 1465453 a multiple of 593?
False
Does 4 divide 267544?
True
Is 425887 a multiple of 27?
False
Does 270 divide 1920240?
True
Does 110 divide 45348?
False
Is 125 a factor of 353500?
True
Does 202 divide 2324212?
True
Does 5 divide 74826?
False
Does 31 divide 28891?
False
Is 323308 a multiple of 52?
False
Is 54989 a multiple of 11?
True
Is 65620 a multiple of 68?
True
Does 7 divide 390439?
True
Is 55 a factor of 3715800?
True
Does 235 divide 1660507?
False
Does 97 divide 3596954?
True
Is 32892 a multiple of 81?
False
Is 1121849 a multiple of 42?
False
Is 71 a factor of 9014941?
True
Does 18 divide 384570?
True
Does 59 divide 76995?
True
Does 10 divide 41990?
True
Does 245 divide 4794760?
False
Is 41 a factor of 359350?
False
Is 394 a factor of 466386?
False
Does 94 divide 251099?
False
Is 207 a factor of 467406?
True
Is 101400 a multiple of 10?
True
Is 129336 a multiple of 17?
True
Is 135171 a multiple of 109?
False
Is 426545 a multiple of 49?
True
Is 38 a factor of 1453690?
True
Does 355 divide 2885440?
True
Is 14 a factor of 94248?
True
Is 114 a factor of 777480?
True
Does 32 divide 174016?
True
Is 289974 a multiple of 62?
True
Does 470 divide 235730?
False
Is 5617575 a multiple of 25?
True
Is 83359 a multiple of 13?
False
Is 20 a factor of 7176620?
True
Does 40 divide 291000?
True
Is 26050893 a multiple of 919?
True
Is 5021681 a multiple of 33?
False
Is 62 a factor of 509665?
False
Is 76119 a multiple of 115?
False
Is 22 a factor of 3933248?
True
Does 17 divide 49178?
False
Does 911 divide 2514175?
False
Is 1917960 a multiple of 15?
True
Is 2 a factor of 26680?
True
Is 113 a factor of 1094793?
False
Does 161 divide 3422668?
False
Is 291244 a multiple of 12?
False
Is 6 a factor of 183828?
True
Is 22 a factor of 381590?
True
Is 76 a factor of 1708303?
False
Does 70 divide 426706?
False
Is 85475 a multiple of 8?
False
Does 41 divide 717910?
True
Is 7 a factor of 26138?
True
Is 39 a factor of 154089?
True
Is 39 a factor of 7858812?
True
Does 4 divide 1652912?
True
Is 2837406 a multiple of 22?
True
Is 1900371 a multiple of 467?
False
Is 2783784 a multiple of 17?
True
Is 545 a factor of 917780?
True
Is 11 a factor of 157315?
False
Is 1196423 a multiple of 303?
False
Does 6 divide 60726?
True
Does 597 divide 13272496?
False
Is 10 a factor of 392856?
False
Is 28 a factor of 129627?
False
Is 976624 a multiple of 44?
True
Is 9 a factor of 778043?
False
Does 9 divide 295558?
False
Does 151 divide 295507?
True
Is 647552 a multiple of 20?
False
Is 943580 a multiple of 10?
True
Is 112228 a multiple of 68?
False
Does 54 divide 643464?
True
Does 4 divide 1571259?
False
Is 137 a factor of 349582?
False
Is 95396 a multiple of 47?
False
Is 25 a factor of 33523?
False
Is 26 a factor of 19292?
True
Is 9 a factor of 77364?
True
Is 4 a factor of 27501?
False
Is 37 a factor of 15022?
True
Does 4 divide 255752?
True
Does 5 divide 129041?
False
Is 90 a factor of 3515130?
True
Is 2990439 a multiple of 475?
False
Is 63 a factor of 890018?
False
Does 71 divide 312187?
True
Is 324513 a multiple of 101?
True
Is 57 a factor of 2451?
True
Is 201 a factor of 1414251?
False
Does 129 divide 363759?
False
Is 5372755 a multiple of 247?
False
Does 13 divide 6135051?
True
Is 46150 a multiple of 4?
False
Does 13 divide 2953522?
True
Is 3239921 a multiple of 535?
False
Is 574750 a multiple of 50?
True
Does 13 divide 6875143?
False
Is 2 a factor of 127777?
False
Does 26 divide 60757?
False
Is 23345 a multiple of 161?
True
Is 19 a factor of 5911565?
True
Is 141 a factor of 344886?
True
Is 3380246 a multiple of 28?
False
Is 792976 a multiple of 58?
True
Is 5 a factor of 353465?
True
Is 127448 a multiple of 147?
False
Is 7 a factor of 15736?
True
Is 1171546 a multiple of 177?
False
Is 125720 a multiple of 56?
True
Is 5 a factor of 437891?
False
Is 8 a factor of 20557130?
False
Is 323 a factor of 229067?
False
Does 8 divide 159104?
True
Is 451510 a multiple of 44?
False
Is 88 a factor of 2191464?
True
Does 135 divide 8070642?
False
Is 150047 a multiple of 10?
False
Does 339 divide 103395?
True
Is 95141 a multiple of 17?
False
Is 6158300 a multiple of 10?
True
Is 59 a factor of 1365406?
False
Is 9 a factor of 165429?
True
Does 81 divide 167832?
True
Is 406 a factor of 1237266?
False
Does 11 divide 71909?
False
Is 308651 a multiple of 23?
False
Does 26 divide 2594733?
False
Does 38 divide 2846200?
True
Does 189 divide 610459?
False
Is 444611 a multiple of 109?
True
Does 5 divide 998864?
False
Does 9 divide 169?
False
Does 79 divide 6231757?
True
Is 70 a factor of 991645?
False
Does 5 divide 31931?
False
Is 16 a factor of 71576?
False
Does 7 divide 4168890?
False
Is 28 a factor of 343118?
False
Is 892521 a multiple of 279?
True
Does 151 divide 1446447?
False
Does 69 divide 86684?
False
Does 5 divide 2124283?
False
Does 48 divide 470496?
True
Is 4029 a multiple of 17?
True
Does 12 divide 56370?
False
Is 2332383 a multiple of 83?
True
Is 6 a factor of 707352?
True
Does 34 divide 3613316?
True
Does 11 divide 81598?
True
Is 39 a factor of 25428?
True
Is 457710 a multiple of 30?
True
Does 20 divide 5487170?
False
Is 24168 a multiple of 106?
True
Is 5516800 a multiple of 256?
True
Does 41 divide 353297?
True
Is 4159294 a multiple of 39?
False
Is 43 a factor of 306332?
True
Is 97 a factor of 180700?
False
Does 267 divide 2187798?
True
Is 796 a factor of 554812?
True
Does 278 divide 3608382?
False
Is 85 a factor of 82005?
False
Does 11 divide 789190?
False
Is 33945 a multiple of 93?
True
Is 233 a factor of 87608?
True
Is 124 a factor of 258891?
False
Is 205342 a multiple of 83?
True
Is 248381 a multiple of 8?
False
Is 53 a factor of 490128?
False
Is 4 a factor of 3008?
True
Is 435 a factor of 532875?
True
Does 5 divide 863609?
False
Does 19 divide 565435?
False
Is 1155571